 prime factors of ((-3)/v - 2/(-6)) + 86.
2, 43
Suppose -4*g + 41 - 9 = 0. Let r(y) = y**3 - 3*y**2 + 7. List the prime factors of r(g).
3, 109
Suppose 200161 = -90*u + 196*u - 93*u. List the prime factors of u.
89, 173
Let w(s) = -159*s**2 - 2*s**3 + s + 85*s**2 + 6 + 88*s**2. What are the prime factors of w(-7)?
3, 457
Let b(n) = 67*n + 171. List the prime factors of b(3).
2, 3, 31
Let x(k) = 4*k**2 + 3*k - 9 + 9*k - 5*k**2. Let g be x(11). Suppose -2*p + 16 = -g*m, -4*m = p - 9*m - 20. What are the prime factors of p?
5
What are the prime factors of 24333 - ((-4)/12 + (-23)/3 - -4)?
24337
Let a(q) be the second derivative of q**4/12 + 8*q**3/3 + 5*q**2 + 8*q. Let c(n) = -n**3 - 12*n**2 - 11*n - 17. Let t be c(-11). List the prime factors of a(t).
3
List the prime factors of (-15 - (-2230)/150) + 197567/15.
13171
Let w(l) = -22583*l + 2269. List the prime factors of w(-2).
5, 53, 179
Let r(a) = 12*a + 38. Let q be r(-3). Suppose -5*g + q*f = -5019, -2*f + 10 = 4. What are the prime factors of g?
3, 5, 67
Suppose 13*m = 5*m + 24. Let i be (-6)/(-4) + m + (-44)/(-8). What are the prime factors of 2/i - (-7554)/30?
2, 3, 7
Suppose -4*m = -2*w - 306, -4*m - 5*w = -286 + 1. Suppose -m = -2*y + 283. List the prime factors of y.
179
Let y(c) = 10*c - 53. Let n be y(5). What are the prime factors of n + ((-1111)/(-7) - 4/(-14))?
2, 3, 13
Let p = 110095 + -58664. What are the prime factors of p?
51431
Let b(x) = -x**3 - 6*x**2 - 6. Suppose -4*u = -3*s + 107, -2*s - 1 = 4*u - 59. Suppose v + s = 5*i, -4 = -v - 5*i + 13. What are the prime factors of b(v)?
2, 61
Suppose 17*k + 12*k - 49010 = 0. What are the prime factors of k?
2, 5, 13
Let v = -164 + 283. Suppose 4*t - 1136 = 4*s, -s + 157 = t - v. Let b = t + -43. What are the prime factors of b?
3, 79
Let b = 195 - 189. List the prime factors of (-320)/b*504/(-32).
2, 3, 5, 7
Let g = 136 + -135. Let c(x) = 199*x**2 - 3*x + 2. What are the prime factors of c(g)?
2, 3, 11
Let m = 22814 - 11364. List the prime factors of m.
2, 5, 229
Suppose -p = 3*d - 18261, -18*p + 12 = -20*p. List the prime factors of d.
6089
Let y(r) = 14*r**3 - 31*r**2 + r - 246. What are the prime factors of y(14)?
2, 23, 349
Let k(x) = 6*x - 7*x + 12 + 0*x. Let q be k(0). What are the prime factors of (-90)/q*96/(-9)?
2, 5
Let t(h) = 17719*h**2 + 36*h - 35. What are the prime factors of t(1)?
2, 5, 443
Let l(n) = 4120*n**2 + 2051*n + 8211. What are the prime factors of l(-4)?
65927
Let c(q) = -5*q - 40. Let s be c(-8). Suppose -z = -s*z + 5. List the prime factors of z/((-15)/21) - -2.
3
Let f = 140 + -64. Let a = -46 + f. Let s = a - -26. List the prime factors of s.
2, 7
Let x = 720 - 1228. Let n = 768 + x. List the prime factors of n.
2, 5, 13
Let c be ((-20)/15)/((40/(-108))/5). Suppose -c*u + u = -136. Suppose -u*x = -1353 + 209. List the prime factors of x.
11, 13
Suppose 142780 = 4*c + 2*m, 2*m = 2*c - 59629 - 11737. List the prime factors of c.
3, 11897
Suppose -10*i - 5055 = -13*i - 3*x, -3*i + 5047 = x. List the prime factors of i.
41
Let n = -14437 + 20630. List the prime factors of n.
11, 563
Let v(j) = 80*j - 59. Let k be v(4). Suppose k*s + 5870 = 271*s. What are the prime factors of s?
587
List the prime factors of 2/(-4) + 7*1859/26.
2, 5
Let i = 154 + -159. What are the prime factors of (-54)/90 + (-1693)/i?
2, 13
Suppose 6*q - q = 2*g + 283, g + 137 = q. Let p = g - -272. Suppose 4*s = -5*j + 1024, -4*j - p = s - 966. List the prime factors of j.
2, 13
Suppose 23*s - 208997 + 53955 - 337664 = 0. List the prime factors of s.
2, 10711
Suppose -5*n = -3*y + 180, -n = 4*n + 2*y + 205. Let z = -29 - n. What are the prime factors of (-4 + 76/z)/((-3)/(-15))?
2, 3
Let t(b) be the third derivative of 0*b + 1/3*b**3 + 0 - 7/8*b**4 + 12*b**2 - 1/60*b**5. List the prime factors of t(-17).
2, 5, 7
Let j(b) = 88*b + 27 - 85*b + 10. Suppose 2*u = r - 1, -r - 7*u = -2*u - 15. What are the prime factors of j(r)?
2, 13
Suppose -29*f + 2419820 = -122001. What are the prime factors of f?
87649
Let v(n) be the first derivative of n**5/5 - n**4/6 - n**3/3 + 2*n**2 + 8*n + 9. Let a(s) be the first derivative of v(s). List the prime factors of a(3).
2, 11
Let l(d) = 2*d + 42. Let p be l(-20). Let i be (p - -3)*6/(-5). What are the prime factors of 5/10 + (-705)/i?
2, 59
Suppose 2*r = 13724 + 147696. List the prime factors of 6/27 + (r/45)/2.
3, 13, 23
Let n be ((-246)/12)/(2/(-12)). Suppose 21 = -3*p + n. Let r = p - 29. List the prime factors of r.
5
Let v(t) = 27*t**2 + 7. Suppose 5*d = 7*d + 8. Let y be v(d). Suppose -2*o - 91 = -y. What are the prime factors of o?
2, 3, 29
Let i(g) = 42*g**2 - 2*g + 233. List the prime factors of i(14).
11, 13, 59
List the prime factors of ((-75)/2)/3*((-4527852)/(-70))/(-19).
3, 5, 2837
Let v = 987 + -912. What are the prime factors of 21213/12 - (v/20)/(-15)?
2, 13, 17
Suppose 4*q = 13 - 57. What are the prime factors of 1/q + 53280/198?
269
Let t(a) = 70*a**2 - 11*a - 82. What are the prime factors of t(-12)?
2, 5, 1013
Suppose -4112 = 12*t - 14*t. Suppose 5*q - 2*w - t = 0, 3*w + 413 = q + 2*w. What are the prime factors of q?
2, 5, 41
Suppose 2*m = 2*f - 7 - 11, 0 = 4*f - m - 39. Let s be 1 + 4 + -12 + f. Suppose b = -2, s*c - b - 406 = 4*b. List the prime factors of c.
2, 3, 11
Suppose 0 = 4*i - 3*i + 2*i. Suppose i = 9*v - 8*v. Let p(k) = -k**3 + 2*k**2 + 33. What are the prime factors of p(v)?
3, 11
Suppose 2*m - 61*w + 65*w = 83998, 0 = 4*w - 4. What are the prime factors of m?
3, 13999
Let m(y) be the third derivative of y**6/90 + y**5/40 - 3*y**4/4 - y**3/3 + 6*y**2. Let k(f) be the first derivative of m(f). List the prime factors of k(5).
97
Suppose -37*i = -27*i - 50. List the prime factors of 5/(-25)*6 + 3091/i.
617
Let s = 33 + -31. Let h(z) = -69*z**2 + 4*z**3 + 17*z + 54*z**s - 14 - 3*z**3. What are the prime factors of h(15)?
241
Suppose -4*v + 460 = -3448. Suppose 3*g = -z - g + 969, z - v = 4*g. What are the prime factors of z?
7, 139
Suppose 13*b - 7602 - 2226 = 0. List the prime factors of b.
2, 3, 7
Let f(o) = -7*o - 20. Let k be f(-4). Suppose -2*q - 152 = k*d - 3*d, 4*q + 5*d = -294. Let v = -62 - q. What are the prime factors of v?
3
Let b be (1 - 6)/(-2*6/12). Suppose 114 = 5*j - b*a - 296, 3*j + 3*a = 258. List the prime factors of j.
2, 3, 7
Let n(z) = -4518*z + 26. List the prime factors of n(-1).
2, 71
Let v(z) = 7*z**2 - z - 187. List the prime factors of v(-25).
11, 383
Let j = -5607 - -7746. List the prime factors of j.
3, 23, 31
Let j(d) = 2438*d**2 - 42*d - 40. List the prime factors of j(3).
2, 1361
Let c(k) = 16*k**3 + 15*k**2 - 142*k - 22. What are the prime factors of c(8)?
2, 7, 571
Suppose d - 5*q - 20904 - 32419 = 0, -6*q = 2*d - 106790. List the prime factors of d.
2, 7, 953
Let c(a) = a**3 + 19*a**2 - 2*a - 14 - 17*a - 29*a**2 - 2*a**3. Suppose 2*h + 26 = 2*z, -z + 42 = -4*h + z. What are the prime factors of c(h)?
2, 5
Suppose q - 280 = -4*z, -5*q = -4*q - 5*z - 253. Let c = 500 - q. List the prime factors of c.
2, 29
What are the prime factors of 15335/30 - ((-105)/(-18))/35?
7, 73
Let j = -9614 + 14388. List the prime factors of j.
2, 7, 11, 31
Let i(g) = 2*g**3 + 114*g**2 + 356*g - 92. What are the prime factors of i(-35)?
2, 10337
Let v(w) = 9*w - 14. Suppose 0 = -8*d + 3*d + 60. Suppose -4*o - d = 0, 3*t - 23 = 3*o + 13. What are the prime factors of v(t)?
67
Suppose -w = -5*w - f + 132565, -2*w + 66279 = -3*f. What are the prime factors of w?
3, 11047
Let k(l) = -2*l - 10. Let y be k(-6). Suppose 85 = -y*t + 93. What are the prime factors of t?
2
Let w(l) be the second derivative of 7*l**5/4 + l**4/12 - 4*l**3/3 + 7*l**2/2 - 21*l. List the prime factors of w(2).
5, 11
Suppose -2*z = -t - 7, -5 + 1 = 4*t. Suppose 4*c - z*j + 2*j - 922 = 0, -3*c = 4*j - 682. List the prime factors of c.
2, 5, 23
Let x = -8733 + 24002. List the prime factors of x.
15269
Let o(s) = -31*s - 23*s + 61*s - s**2. Let a be o(6). Suppose 0 = -2*l + f + 258, 0 = a*f - f. List the prime factors of l.
3, 43
Suppose -3*w = 2*w. Suppose 68*c - 66*c - 38 = w. Let d = 12 + c. List the prime factors of d.
31
Let p(a) be the second derivative of 4*a**3/3 + 23*a**2 - 17*a. Let g be (2*6/48)/((-2)/(-56)). List the prime factors of p(g).
2, 3, 17
Suppose 570174 = 128*o - 22*o. Wh